
33
Suppose -2*b = -q + 11, 3*b = -5*q - 0 - 10. Let n = 16 - b. What is the greatest common divisor of n and 7?
7
Let g(x) = 3*x + 5. Let n be g(-2). Let i be (-27 + (3 + -2)/(-1))/n. Calculate the highest common divisor of 112 and i.
28
Let x be -4 - (-51)/12 - (-1)/(-4). Suppose x = -0*p + 4*p - 260. What is the greatest common divisor of p and 13?
13
Suppose -1796 = 3*z + o, -3 = 2*o - 11. Let f be z/30*1*1/(-2). What is the highest common factor of 160 and f?
10
Let v be 50/(-1)*(-1)/(-2). Suppose -2*o - 3*g = -8*g + 99, -5*g + 255 = -5*o. Let h = v - o. Calculate the highest common factor of h and 18.
9
Let c be (-20)/7*(-308)/88. What is the highest common factor of 8 and c?
2
Let b be 114/15 - (-2)/5. Suppose 5*c + o - 23 = 0, 2*c - b*o = -3*o + 20. Calculate the greatest common factor of c and 20.
5
Let b be 6*4/24*(45 - -1). Calculate the highest common factor of 322 and b.
46
Let w(m) = -m**3 + 8*m**2 - 4*m - 3. Let v be w(4). Suppose -k + 3*k = 5*f + 800, 3*k - 1219 = -2*f. Calculate the highest common divisor of k and v.
45
Let q be 10/(-2) + (-11 - -44 - 16). Suppose -5*d + 1 - 6 = 0. Let m be (-36)/d*2/4. Calculate the highest common divisor of q and m.
6
Suppose 0 = -12*i + 116 + 268. Calculate the greatest common divisor of 4 and i.
4
Suppose 0 = 2*m + m + 66. Let n be 2/(-11) + (-4)/m. Suppose 157 = 3*b - 4*z, -z + 1 + 1 = n. What is the highest common factor of b and 11?
11
Let j(r) = -25*r + 99. Let h(o) = 6*o - 25. Let g(i) = 9*h(i) + 2*j(i). Let y be g(9). Calculate the greatest common divisor of 81 and y.
9
Suppose -2*y + 2 = -2*m, y = 4*y + 2*m - 23. Let i be 1455/75 - 2/y. What is the highest common factor of 209 and i?
19
Let y = -48 + 114. Suppose 0*b + 5*b = 30. Calculate the highest common factor of b and y.
6
Suppose 19 = -m + 37. Let j be (-3)/((-81)/(-6)) + 796/m. What is the greatest common factor of 220 and j?
44
Let w = 879 + -875. Calculate the highest common factor of 34 and w.
2
Let h = 2174 + -2167. Calculate the greatest common factor of 19 and h.
1
Suppose 26*s - 6233 = 4765. Calculate the greatest common factor of 94 and s.
47
Suppose -4*x - 5*a = -13 - 22, 5*x - 54 = 4*a. Let p = 140 - 125. What is the greatest common divisor of x and p?
5
Suppose 7*o - 15 = 13. Let s be 1/(o/200) + -2. Calculate the greatest common factor of 6 and s.
6
Let u be (-14)/(-91) + (-82)/26. Let o(m) = -m**3 - 4*m**2 - 3*m - 4. Let y be o(u). Let q be (-145)/(-45) + y/18. What is the highest common factor of q and 3?
3
Suppose 15*a = 11651 - 3821. What is the highest common divisor of 18 and a?
18
Let f = 20 + 1. Let q be 54*6/f + 18/(-42). Let w = 83 - 23. What is the highest common divisor of w and q?
15
Suppose 4*j = 3*j. Suppose 5*w - 5 = j, -w = 2*t - 6 - 25. Let k = 163 + -58. What is the highest common divisor of k and t?
15
Suppose -56 = -5*q + q. Suppose -450 = 9*a - q*a. Let d = 24 - 14. What is the highest common divisor of d and a?
10
Let s(c) = -c**2 - 10*c - 8. Let r be s(-9). Suppose -4*f - o - 1 = -5, f - 16 = -4*o. Suppose -6 = -f*g - 2*g. What is the greatest common factor of g and r?
1
Let h be -3*(-3 + 172/(-6)). What is the highest common divisor of h and 5?
5
Let u = -11 + 15. Let w be (-211)/(-11) + u/(-22). Suppose 2*c + 15 = 2*j - w, 0 = -4*j - 4*c + 100. Calculate the highest common factor of 7 and j.
7
Let q be ((-96)/(-14))/(1/14). Let c be 0 + (-124)/(-12) - 15/(-9). Calculate the highest common factor of c and q.
12
Suppose 4*p = -p + 25. Suppose -208 = 3*x + 5*q, 0 = -3*x + 7*x - 5*q + 324. Let l be x/(-16) - 1/(-4). What is the greatest common divisor of p and l?
5
Let g(h) = h + 9. Let j be g(-5). Let k be j/10 + (-330)/(-50). Let s = k + 4. What is the greatest common factor of 33 and s?
11
Let g be 9915/45 + (-2)/(-3). Let t be (-34)/4*(-13 - -11). Calculate the greatest common factor of t and g.
17
Suppose -16 = -0*b + b + 5*h, 4*b + h = 12. What is the greatest common divisor of 21 and b?
1
Let o = 47 - 36. Let b be (100 + o)/(-1 + 2). What is the greatest common divisor of b and 74?
37
Suppose 702 = 2*z - 166. What is the highest common factor of 14 and z?
14
Let q be -4 - 69/9*3. Let w = 33 + q. Calculate the highest common divisor of 3 and w.
3
Suppose 0 = -j + 4 + 1. Suppose -5*f = 2*a - f - 20, j*f = -3*a + 28. Suppose i - 4 = -2. What is the greatest common divisor of i and a?
2
Suppose -5*m + 8 = -12, -120 = -2*u + 5*m. What is the highest common divisor of u and 40?
10
Let g(o) = o - 4. Let s be g(6). Suppose 0 = -4*c + s*c. Suppose c*w + 120 = 4*w. What is the highest common divisor of 75 and w?
15
Suppose -4*r = -4*t - 1491 - 253, 4*r + 4*t - 1728 = 0. What is the greatest common factor of 62 and r?
62
Suppose -51 = -4*x + 5*o, 39 = 5*x + 2*o - 0*o. Suppose -220 = -4*h + 172. Let i = h + -89. Calculate the highest common divisor of x and i.
9
Let c = -1 + 61. Calculate the greatest common divisor of c and 210.
30
Let b(j) = 40*j - 58. Let o be b(10). Calculate the greatest common divisor of o and 95.
19
Let r be (-1)/(-6) + 6230/60. Let y = -74 + r. What is the highest common divisor of 10 and y?
10
Let h = -148 + 187. Calculate the highest common divisor of h and 312.
39
Let u(m) = -1 - 1 - 3*m - 5 + m**3. Let w be u(4). Suppose 2*r - 21 = 9. Calculate the highest common divisor of w and r.
15
Let l = -78 - -79. Let f be (l - -2)*100/4. Calculate the highest common factor of f and 25.
25
Suppose -59 = -2*h + 7. Let a be (-5)/3 + 1756/6 + 6. Calculate the greatest common factor of a and h.
33
Let x(v) = -1 + 1 - 11*v + 5 - 11*v**2 + 12*v**2. Let q be x(11). What is the greatest common factor of q and 10?
5
Let z(p) = 71*p + 712. Let n be z(-5). What is the greatest common factor of 51 and n?
51
Let x = 49 - 31. Let p(l) = -l**2 - 7*l - 4. Let z be p(-6). Suppose 3*i - z*t + 2 = 0, 0 = -2*t + 3 + 5. What is the greatest common factor of i and x?
2
Let w(j) = -j**3 + 28*j**2 - 27*j + 3. Let f be w(27). Suppose 0 = 2*u - 5 + 3. What is the highest common divisor of u and f?
1
Let b be (81/9 + 33)*3. Calculate the greatest common divisor of 238 and b.
14
Let c be ((-70)/(-21) - 3) + 22/6. Let l(d) = d**3 - 3*d**2 - 2*d - 4. Let v be l(c). What is the highest common factor of 44 and v?
4
Suppose -4*f + 2*j = j - 139, 3*j - 15 = 0. Calculate the greatest common factor of 516 and f.
12
Suppose 444 = -7*q + 19*q. Calculate the highest common divisor of 1332 and q.
37
Suppose 0 = 9*i + 10*i - 76. Calculate the highest common factor of i and 108.
4
Let l(g) = g + 15. Let f be l(-12). Suppose f*j + j = 512. What is the highest common factor of 16 and j?
16
Let z = 278 - 149. Suppose 127*o + 16 = z*o. What is the highest common divisor of o and 64?
8
Let x = 932 + -929. Suppose -3*h = -8*h + 20. Suppose 4*g + 12 - h = 0, -2*w - 4*g = 2. Calculate the highest common divisor of w and x.
3
Let t be 14/21*(1 + 704 + -3). What is the highest common factor of 36 and t?
36
Let w(g) = 2*g**2 + 25*g + 83. Let r be w(-7). What is the greatest common divisor of 24 and r?
6
Suppose -5*n + 25 = -2*a, -3*n + 6*n + 3*a - 15 = 0. Let s = -185 + 190. Calculate the greatest common divisor of s and n.
5
Suppose -4*t + 3*c + 852 + 447 = 0, 5*t - 3*c = 1623. Let u = 13 - -23. What is the greatest common divisor of t and u?
36
Let w be 31/1 - (-5)/((-10)/(-4)). Let u = 7 + w. What is the highest common factor of u and 4?
4
Let d = -448 - -451. Calculate the greatest common divisor of 9 and d.
3
Suppose -2*z + 370 = -2*k, -38*z + 43*z - 880 = -4*k. Calculate the greatest common factor of 80 and z.
20
Suppose 26 + 790 = 17*q. What is the highest common divisor of 18 and q?
6
Suppose 0 = -17*m + 22*m - 30. Let c be ((-8)/6 - -2)*m. Suppose -c*h - 2*h + 174 = 0. Calculate the highest common factor of 116 and h.
29
Suppose f - 4*r - 29 = -5*r, 0 = f - 2*r - 32. Suppose 3*x - 4*h - 82 = 61, -2*h + 86 = 2*x. Calculate the greatest common divisor of f and x.
15
Let u = 157 - 142. Suppose f - 135 = -2*f. What is the greatest common divisor of f and u?
15
Suppose 5 + 4 = 3*r. Let a = 6 + -3. Calculate the highest common divisor of r and a.
3
Suppose 45*m + 43148 - 143948 = 0. Calculate the greatest common divisor of m and 70.
70
Suppose 189 = 25*i - 24*i. Suppose -2*s = 5*s - i. Calculate the highest common divisor 